 by (-1)/3 - (-40)/3.
11
Let l = 35 - 32. Let j = 35 - l. What is the remainder when j is divided by -1 + 0 + 1 + 11?
10
Let i = 31 - 19. Let j = -8 + i. Calculate the remainder when 11 is divided by j.
3
Let u = -20 + 20. Suppose 3*t = -u*t + 75. Let m(p) = 6*p + 1. Calculate the remainder when t is divided by m(2).
12
Suppose 2*a - 29 - 21 = 0. What is the remainder when 74 is divided by a?
24
What is the remainder when 372/36*1*6 is divided by 21?
20
Suppose -18*u = -19*u + 24. What is the remainder when 94 is divided by u?
22
Let d = -76 - -81. Calculate the remainder when 29 is divided by d.
4
Let a = -27 + 39. What is the remainder when 22 is divided by a?
10
Let w(i) = i**3 + 7*i**2 - 2*i - 3. Suppose -10 = 2*o + 4. What is the remainder when w(o) is divided by 4?
3
Suppose 5*y - 3*y = -3*f + 5, -2*y = f + 5. Calculate the remainder when 9 is divided by f.
4
Let m = -5 + 1. Suppose x + 6*x - 70 = 0. What is the remainder when x is divided by 2*1/m*-8?
2
What is the remainder when 69 is divided by 2/7 - (-248)/14?
15
Let a be (54/(-8))/((-6)/(-16)). Let c be 1/((2/a)/(-1)). Let y = c + 2. What is the remainder when y is divided by 4?
3
Let f(p) = -4*p**2 - 5*p - 10. Let k(o) = o**2 + o + 1. Let c(g) = f(g) + 5*k(g). What is the remainder when 121 is divided by c(-6)?
28
Let x be 0 + (0 - -1 - -2). Suppose 0 = x*g + 5 - 29. Calculate the remainder when 15 is divided by g.
7
Let l = 69 + -6. What is the remainder when 125 is divided by l?
62
Let m(l) = l**3 - 4*l**2 - 7*l + 2. Let q be m(5). Let s = q - -14. What is the remainder when 10 is divided by s?
4
Let h(m) = -3*m - 2. Let l = 7 - 10. What is the remainder when h(l) is divided by 5?
2
Let y(v) = -32*v + 7. What is the remainder when y(-4) is divided by 23?
20
Let q = 0 - -5. Suppose -4 - q = -n. What is the remainder when 16 is divided by n?
7
Suppose -2*h + 2*z + 48 = 0, -2*h - 3*z + 26 = 3. Suppose t - 3*t + 14 = 0. What is the remainder when h is divided by t?
5
Let g = 9 - 7. Suppose g*d - 80 = -3*d. What is the remainder when 29 is divided by d?
13
Let j be (12/(-8))/(2/(-8)). Let w(z) = 2*z - j*z - 2*z + 2*z**2 - 7. Calculate the remainder when w(5) is divided by 7.
6
Suppose d + 10 = 3*d. Calculate the remainder when 13 is divided by d.
3
Suppose -9 = o + 2*g - 1, 12 = -3*g. Suppose 4*m - 6 - 6 = o. Calculate the remainder when (-28)/21*(-3)/1 is divided by m.
1
Suppose -10 = 5*a, -4*a - 6 = r - 0*r. Let h(f) = f**2 - 4*f - 3. Calculate the remainder when h(5) is divided by r.
0
Suppose -3*q = -2*u + 3 - 5, 3*q - u - 1 = 0. Let t be q + (-1)/(-2)*46. Suppose 7 = 5*z - t. What is the remainder when 10 is divided by z?
4
Let b be (-30)/20*(3 + 1). Let p(o) = 7*o**2 + 1. Let g be p(-1). Calculate the remainder when 30 is divided by g/(-6)*b*2.
14
Let o(k) = -11 - 6*k - k**2 - 8*k + 2*k. Calculate the remainder when 35 is divided by o(-10).
8
Let x(f) = f - 6. What is the remainder when 5 is divided by x(8)?
1
Suppose 66 = 5*g + 2*t - 24, -4*t = -g + 40. Suppose -2*q + 3*q - 5*o - 36 = 0, 3*q + 4*o = 13. Calculate the remainder when g is divided by q.
9
Suppose 2*x + 2*y - 131 = 5*y, 5*y = 4*x - 257. Suppose 0*s - 3 = 3*s, -3*g + 3*s + 48 = 0. Calculate the remainder when x is divided by g.
13
Suppose 180 = 18*n - 14*n. What is the remainder when 130 is divided by n?
40
Suppose -4*s + 2*s = -16. What is the remainder when 47 is divided by s?
7
Suppose 3*j = -0*j + 2*g + 48, -4*g = -2*j + 24. Suppose -5*r - j = -7*r. What is the remainder when (32/(-10))/(4/(-20)) is divided by r?
7
Suppose 0*p + p = -21. Let r = 33 + p. Suppose r = 2*q + q. Calculate the remainder when 6 is divided by q.
2
Let v be (-7)/(-2) + 2/(-4). Suppose 0 = k - 41 + v. Suppose 0 = 3*x + 5 - 44. What is the remainder when k is divided by x?
12
Let w(z) = -4*z**2 + z - 1. Let s be w(1). Calculate the remainder when (-1 + -1)*(s - 10) is divided by 16.
12
Suppose 3*d = -0*d + 12. Calculate the remainder when 13 is divided by d.
1
Let z = -9 + 9. What is the remainder when z - (3 + 0 - 22) is divided by (5/3 - 2)*-21?
5
Suppose 6*x - x - 4*o = 94, x - 17 = -o. Suppose p = -0*p + x. Suppose -3*h + 260 = 2*h. What is the remainder when h is divided by p?
16
Suppose 2*q - 3*q = -5. Suppose -226 + 31 = -q*n. Suppose -3*l + l = 5*a - n, 0 = -3*a + l + 30. Calculate the remainder when 26 is divided by a.
8
Let j(c) = c + 2. Let f(h) = 18*h + 4. Let t be f(4). Suppose -52 = -5*o - 2*y, -4*y - t = o - 6*o. Calculate the remainder when o is divided by j(5).
5
Let i = 6 + -2. Suppose 9 + 45 = i*u + 2*j, -2*u + 29 = -j. What is the remainder when 27 is divided by u?
13
Let o(l) = -31*l - 5. Let q be o(6). Let g = q + 426. Suppose -g = -5*r - 0*r. What is the remainder when r is divided by 16?
15
Let i = -208 - -651. Suppose 79 = -2*z - i. What is the remainder when 2/(-5) + z/(-15) is divided by 6?
5
Calculate the remainder when (2/4)/((-13)/(-1586)) is divided by 21.
19
Let j be (-29)/(-5) - (-2)/10. Let s(t) = 2 - 2 + j*t + 3*t**2 + 0 - 6 - t**3. What is the remainder when s(4) is divided by 2?
0
Suppose -2*h + 20 = -0. Let u = -5 + 7. Suppose -d - h = -u*d. What is the remainder when 17 is divided by d?
7
Let f = 3 + 1. Calculate the remainder when 15 is divided by f.
3
Let b be 4 - ((-1)/1 + 2). Suppose -2*u = b*a + 2*a - 60, -a - 15 = -5*u. Calculate the remainder when 25 is divided by 43/5 + 4/a.
7
Let y = -1 + 8. Suppose 0*k + 8 = -2*k. Let m = y - k. What is the remainder when 32 is divided by m?
10
Let j(r) = -45*r - 1. Let y be j(-1). Suppose 0 = 3*c - 5*c. Suppose c*l = -4*l + y. Calculate the remainder when 20 is divided by l.
9
Suppose 2*r = 6*r - 8. Suppose r*u - 140 = -2*u. What is the remainder when u is divided by 18?
17
Let x(h) = -h**2 - 8*h + 2. Let s be x(-8). Suppose 92 = -s*u + 6*u. What is the remainder when u is divided by 13?
10
Suppose 3*t + 2 - 20 = 0. Let n = 4 + -1. What is the remainder when t is divided by n?
0
Let p(z) = 20*z + 2. Calculate the remainder when p(1) is divided by 8.
6
Suppose 48 = 2*x - 0*x. What is the remainder when x is divided by 9?
6
Let r = 218 - 149. Calculate the remainder when r is divided by 18.
15
Let h(q) be the first derivative of 4*q**2 + q + 4. Let z(c) = -c**3 - 7*c**2 - 5*c + 8. Let n be z(-6). Calculate the remainder when 50 is divided by h(n).
16
Let f(m) = 3*m - 1. Suppose 2*p = -5*d + 53, -3*d = p + 12 - 43. Calculate the remainder when 50 is divided by f(d).
24
Suppose 0 = 2*w - 5*w - 5*c + 97, 4*w + c = 101. Calculate the remainder when w is divided by 3.
0
Let p = 59 + -103. Let b = -9 - p. What is the remainder when b is divided by 9/(3/4 + 0)?
11
Let y(h) = h**2 - 2. Calculate the remainder when y(6) is divided by (24/(-20))/((-95)/(-50) - 2).
10
Calculate the remainder when 4/(-14) + (-394)/(-7) is divided by 15.
11
Let o(y) = -y + 3. Let l be o(7). Let z be l - -2 - 3/(-1). Let n = z + 2. Calculate the remainder when 4 is divided by n.
1
Let x(j) = -j**3 + j**2 + 3*j + 3. Let p(f) be the second derivative of 5*f**3/6 + 5*f**2/2 - 3*f. What is the remainder when p(4) is divided by x(-2)?
7
Let a(l) = 4*l**2 + l. Let u(i) = -2*i - 12. Let h be u(-5). What is the remainder when 39 is divided by a(h)?
11
Suppose -4*p + 216 = 3*r, p - 189 = -3*r + 6*p. What is the remainder when r is divided by 18?
14
Suppose -12*s + 5*s = -21. Let m(i) = -i**2 - 5*i + 7. What is the remainder when m(-5) is divided by s?
1
Let f(o) = -o**3 + 8*o**2 + 2*o - 10. What is the remainder when 22 is divided by f(8)?
4
Let t(w) = -w**2 - 14*w - 27. What is the remainder when 2*(66/4 + 3) is divided by t(-6)?
18
What is the remainder when (0 - 51)/((-9)/6) is divided by 6?
4
Let p(d) = 9*d - 1. Let t be p(-1). What is the remainder when (-166)/t - 8/(-20) is divided by 9?
8
Let l(x) = -x - 1 + 3*x**2 + 2 + x - 3*x. What is the remainder when l(3) is divided by 7?
5
Let x(v) = -22*v - 2. What is the remainder when x(-2) is divided by 12?
6
Suppose 0 = 2*q - 3*r - 19, 0 = 3*q + 3*r - 7 + 1. Suppose -q*j = -24 - 71. What is the remainder when j is divided by 7?
5
Let f = 154 - 85. What is the remainder when f is divided by 8?
5
Let v(q) = -q**3 - 7*q**2 + 6*q - 8. Let b = 18 - 10. Suppose -6 = 6*j - b*j. Calculate the remainder when v(-8) is divided by j.
2
Let k(r) = -r**3 